{"id":10572,"date":"2023-10-26T10:09:13","date_gmt":"2023-10-26T08:09:13","guid":{"rendered":"https:\/\/dpsradzymin.pl\/?page_id=10572"},"modified":"2026-06-03T10:49:46","modified_gmt":"2026-06-03T08:49:46","slug":"o-nas","status":"publish","type":"page","link":"https:\/\/dpsradzymin.pl\/index.php\/o-nas\/","title":{"rendered":"O nas"},"content":{"rendered":"<div data-colibri-id=\"10572-c1\" class=\"style-1121 style-local-10572-c1 position-relative\">\n  <!---->\n  <div data-colibri-component=\"section\" data-colibri-id=\"10572-c2\" id=\"about\" class=\"h-section h-section-global-spacing d-flex align-items-lg-center align-items-md-center align-items-center style-1122 style-local-10572-c2 position-relative\">\n    <!---->\n    <!---->\n    <div class=\"h-section-grid-container h-section-boxed-container\">\n      <div data-colibri-id=\"10572-c7\" class=\"h-row-container gutters-row-lg-2 gutters-row-md-2 gutters-row-2 gutters-row-v-lg-2 gutters-row-v-md-2 gutters-row-v-2 style-1127 style-local-10572-c7 position-relative\">\n        <!---->\n        <div class=\"h-row justify-content-lg-center justify-content-md-center justify-content-center align-items-lg-stretch align-items-md-stretch align-items-stretch gutters-col-lg-2 gutters-col-md-2 gutters-col-2 gutters-col-v-lg-2 gutters-col-v-md-2 gutters-col-v-2\">\n          <!---->\n          <div class=\"h-column h-column-container d-flex h-col-lg-auto h-col-md-auto h-col-auto style-1128-outer style-local-10572-c8-outer\">\n            <div data-colibri-id=\"10572-c8\" class=\"d-flex h-flex-basis h-column__inner h-px-lg-2 h-px-md-2 h-px-2 v-inner-lg-2 v-inner-md-2 v-inner-2 style-1128 style-local-10572-c8 position-relative\">\n              <!---->\n              <!---->\n              <div class=\"w-100 h-y-container h-column__content h-column__v-align flex-basis-100 align-self-lg-start align-self-md-start align-self-start\">\n                <!---->\n                <div data-colibri-id=\"10572-c9\" class=\"h-global-transition-all h-heading style-1129 style-local-10572-c9 position-relative h-element\">\n                  <!---->\n                  <div class=\"h-heading__outer style-1129 style-local-10572-c9\">\n                    <!---->\n                    <!---->\n                    <h5 class=\"\">O nas<\/h5>\n                  <\/div>\n                <\/div>\n                <div data-colibri-id=\"10572-c10\" class=\"h-global-transition-all h-heading style-1130 style-local-10572-c10 position-relative h-element\">\n                  <!---->\n                  <div class=\"h-heading__outer style-1130 style-local-10572-c10\">\n                    <!---->\n                    <!---->\n                    <h2 class=\"\">Szanowni Pa\u0144stwo!<\/h2>\n                  <\/div>\n                <\/div>\n                <div data-colibri-id=\"10572-c11\" class=\"h-lead h-text h-text-component style-1131 style-local-10572-c11 position-relative h-element\">\n                  <!---->\n                  <!---->\n                  <div class=\"\">\n                    <p>Witam serdecznie na stronie internetowej Domu Pomocy Spo\u0142ecznej w Radzyminie. Nasza plac\u00f3wka przeznaczona jest dla os\u00f3b przewlekle somatycznie chorych i z chorob\u0105 Alzheimera. Misj\u0105 Domu jest zapewnienie Mieszka\u0144com jak najlepszych\n                      warunk\u00f3w do \u017cycia. Poziom us\u0142ug \u015bwiadczonych przez Dom uwzgl\u0119dnia w szczeg\u00f3lno\u015bci wolno\u015b\u0107, intymno\u015b\u0107, godno\u015b\u0107 oraz poczucie bezpiecze\u0144stwa Mieszka\u0144c\u00f3w, a tak\u017ce ich stopie\u0144 fizycznej i psychicznej sprawno\u015bci. Dysponujemy liczb\u0105 miejsc\n                      dla&nbsp; 100&nbsp; Mieszka\u0144c\u00f3w.<\/p>\n                    <p>Zapraszamy do naszego Domu, gdzie ka\u017cdego dnia pomagamy osobom zmagaj\u0105cym si\u0119 z trudno\u015bciami natury somatycznej, neurologicznej oraz zwi\u0105zanymi z wiekiem.<\/p>\n                    <p>Naszym Podopiecznym zapewniamy ca\u0142odobow\u0105 opiek\u0119, regularne konsultacje&nbsp;internistyczne i psychiatryczne, wsparcie psychologiczne, terapi\u0119 zaj\u0119ciow\u0105 rozwijaj\u0105c\u0105 sprawno\u015b\u0107 i samodzielno\u015b\u0107, indywidualnie dostosowan\u0105 fizjoterapi\u0119\n                      i rehabilitacj\u0119. Naszym celem jest aktywizacja spo\u0142eczna, wsparcie codziennego funkcjonowania, rozwijanie umiej\u0119tno\u015bci spo\u0142ecznych oraz zapewnienie przyjaznej, bezpiecznej i pe\u0142nej szacunku atmosfery.<span style=\"font-size: 1.25em;\"><br> <\/span><\/p>\n                    <p>Zapraszamy do zapoznania si\u0119 ze stron\u0105 internetow\u0105 naszego Domu by w pe\u0142ni pozna\u0107 jego ofert\u0119.<\/p>\n                    <p>\n                      <br>\n                    <\/p>\n                    <p><strong>&nbsp;&nbsp;Danuta Zalewska &#8211; Rukat<\/strong><\/p>\n                    <p>p. o. Dyrektora Domu Pomocy Spo\u0142ecznej w Radzyminie<\/p>\n                  <\/div>\n                <\/div>\n              <\/div>\n            <\/div>\n          <\/div>\n        <\/div>\n      <\/div>\n      <div data-colibri-id=\"10572-c3\" class=\"h-row-container gutters-row-lg-0 gutters-row-md-0 gutters-row-0 gutters-row-v-lg-0 gutters-row-v-md-0 gutters-row-v-0 style-1123 style-local-10572-c3 h-overflow-hidden position-relative\">\n        <!---->\n        <div class=\"h-row justify-content-lg-center justify-content-md-center justify-content-center align-items-lg-end align-items-md-end align-items-end gutters-col-lg-0 gutters-col-md-0 gutters-col-0 gutters-col-v-lg-0 gutters-col-v-md-0 gutters-col-v-0\">\n          <!---->\n          <div class=\"h-column h-column-container d-flex h-col-lg-auto h-col-md-auto h-col-auto align-self-lg-end align-self-md-end align-self-end style-1124-outer style-local-10572-c4-outer\">\n            <div data-colibri-id=\"10572-c4\" class=\"d-flex h-flex-basis h-column__inner h-ui-empty-state-container h-px-lg-0 h-px-md-0 h-px-0 v-inner-lg-0 v-inner-md-0 v-inner-0 style-1124 style-local-10572-c4 position-relative\">\n              <!---->\n              <!---->\n              <div class=\"w-100 h-y-container h-column__content h-column__v-align flex-basis-100\">\n                <!---->\n              <\/div>\n            <\/div>\n          <\/div>\n          <div class=\"h-column h-column-container d-flex h-col-lg-auto h-col-md-auto h-col-auto align-self-lg-end align-self-md-end align-self-end style-1125-outer style-local-10572-c5-outer\">\n            <div data-colibri-id=\"10572-c5\" class=\"d-flex h-flex-basis h-column__inner h-ui-empty-state-container h-px-lg-0 h-px-md-0 h-px-0 v-inner-lg-0 v-inner-md-0 v-inner-0 style-1125 style-local-10572-c5 position-relative\">\n              <!---->\n              <!---->\n              <div class=\"w-100 h-y-container h-column__content h-column__v-align flex-basis-100\">\n                <!---->\n              <\/div>\n            <\/div>\n          <\/div>\n          <div class=\"h-column h-column-container d-flex h-col-lg-auto h-col-md-auto h-col-auto align-self-lg-end align-self-md-end align-self-end style-1126-outer style-local-10572-c6-outer\">\n            <div data-colibri-id=\"10572-c6\" class=\"d-flex h-flex-basis h-column__inner h-ui-empty-state-container h-px-lg-0 h-px-md-0 h-px-0 v-inner-lg-0 v-inner-md-0 v-inner-0 style-1126 style-local-10572-c6 position-relative\">\n              <!---->\n              <!---->\n              <div class=\"w-100 h-y-container h-column__content h-column__v-align flex-basis-100\">\n                <!---->\n              <\/div>\n            <\/div>\n          <\/div>\n        <\/div>\n      <\/div>\n    <\/div>\n  <\/div>\n<\/div>","protected":false},"excerpt":{"rendered":"<p>O nas Szanowni Pa\u0144stwo! Witam serdecznie na stronie internetowej Domu Pomocy Spo\u0142ecznej w Radzyminie. Nasza plac\u00f3wka przeznaczona jest dla os\u00f3b przewlekle somatycznie chorych i z chorob\u0105 Alzheimera. Misj\u0105 Domu jest zapewnienie Mieszka\u0144com jak najlepszych warunk\u00f3w do \u017cycia. Poziom us\u0142ug \u015bwiadczonych przez Dom uwzgl\u0119dnia w szczeg\u00f3lno\u015bci wolno\u015b\u0107, intymno\u015b\u0107, godno\u015b\u0107 oraz poczucie bezpiecze\u0144stwa Mieszka\u0144c\u00f3w, a tak\u017ce ich [&hellip;]<\/p>\n","protected":false},"author":1,"featured_media":0,"parent":0,"menu_order":0,"comment_status":"closed","ping_status":"closed","template":"page-templates\/full-width-page.php","meta":{"footnotes":""},"class_list":["post-10572","page","type-page","status-publish","hentry"],"_links":{"self":[{"href":"https:\/\/dpsradzymin.pl\/index.php\/wp-json\/wp\/v2\/pages\/10572","targetHints":{"allow":["GET"]}}],"collection":[{"href":"https:\/\/dpsradzymin.pl\/index.php\/wp-json\/wp\/v2\/pages"}],"about":[{"href":"https:\/\/dpsradzymin.pl\/index.php\/wp-json\/wp\/v2\/types\/page"}],"author":[{"embeddable":true,"href":"https:\/\/dpsradzymin.pl\/index.php\/wp-json\/wp\/v2\/users\/1"}],"replies":[{"embeddable":true,"href":"https:\/\/dpsradzymin.pl\/index.php\/wp-json\/wp\/v2\/comments?post=10572"}],"version-history":[{"count":7,"href":"https:\/\/dpsradzymin.pl\/index.php\/wp-json\/wp\/v2\/pages\/10572\/revisions"}],"predecessor-version":[{"id":12518,"href":"https:\/\/dpsradzymin.pl\/index.php\/wp-json\/wp\/v2\/pages\/10572\/revisions\/12518"}],"wp:attachment":[{"href":"https:\/\/dpsradzymin.pl\/index.php\/wp-json\/wp\/v2\/media?parent=10572"}],"curies":[{"name":"wp","href":"https:\/\/api.w.org\/{rel}","templated":true}]}}

<div data-colibri-id="10572-c1" class="style-1121 style-local-10572-c1 position-relative">
  <!---->
  <div data-colibri-component="section" data-colibri-id="10572-c2" id="about" class="h-section h-section-global-spacing d-flex align-items-lg-center align-items-md-center align-items-center style-1122 style-local-10572-c2 position-relative">
    <!---->
    <!---->
    <div class="h-section-grid-container h-section-boxed-container">
      <div data-colibri-id="10572-c7" class="h-row-container gutters-row-lg-2 gutters-row-md-2 gutters-row-2 gutters-row-v-lg-2 gutters-row-v-md-2 gutters-row-v-2 style-1127 style-local-10572-c7 position-relative">
        <!---->
        <div class="h-row justify-content-lg-center justify-content-md-center justify-content-center align-items-lg-stretch align-items-md-stretch align-items-stretch gutters-col-lg-2 gutters-col-md-2 gutters-col-2 gutters-col-v-lg-2 gutters-col-v-md-2 gutters-col-v-2">
          <!---->
          <div class="h-column h-column-container d-flex h-col-lg-auto h-col-md-auto h-col-auto style-1128-outer style-local-10572-c8-outer">
            <div data-colibri-id="10572-c8" class="d-flex h-flex-basis h-column__inner h-px-lg-2 h-px-md-2 h-px-2 v-inner-lg-2 v-inner-md-2 v-inner-2 style-1128 style-local-10572-c8 position-relative">
              <!---->
              <!---->
              <div class="w-100 h-y-container h-column__content h-column__v-align flex-basis-100 align-self-lg-start align-self-md-start align-self-start">
                <!---->
                <div data-colibri-id="10572-c9" class="h-global-transition-all h-heading style-1129 style-local-10572-c9 position-relative h-element">
                  <!---->
                  <div class="h-heading__outer style-1129 style-local-10572-c9">
                    <!---->
                    <!---->
                    <h5 class="">O nas</h5>
                  </div>
                </div>
                <div data-colibri-id="10572-c10" class="h-global-transition-all h-heading style-1130 style-local-10572-c10 position-relative h-element">
                  <!---->
                  <div class="h-heading__outer style-1130 style-local-10572-c10">
                    <!---->
                    <!---->
                    <h2 class="">Szanowni Państwo!</h2>
                  </div>
                </div>
                <div data-colibri-id="10572-c11" class="h-lead h-text h-text-component style-1131 style-local-10572-c11 position-relative h-element">
                  <!---->
                  <!---->
                  <div class="">
                    <p>Witam serdecznie na stronie internetowej Domu Pomocy Społecznej w Radzyminie. Nasza placówka przeznaczona jest dla osób przewlekle somatycznie chorych i z chorobą Alzheimera. Misją Domu jest zapewnienie Mieszkańcom jak najlepszych
                      warunków do życia. Poziom usług świadczonych przez Dom uwzględnia w szczególności wolność, intymność, godność oraz poczucie bezpieczeństwa Mieszkańców, a także ich stopień fizycznej i psychicznej sprawności. Dysponujemy liczbą miejsc
                      dla&nbsp; 100&nbsp; Mieszkańców.</p>
                    <p>Zapraszamy do naszego Domu, gdzie każdego dnia pomagamy osobom zmagającym się z trudnościami natury somatycznej, neurologicznej oraz związanymi z wiekiem.</p>
                    <p>Naszym Podopiecznym zapewniamy całodobową opiekę, regularne konsultacje&nbsp;internistyczne i psychiatryczne, wsparcie psychologiczne, terapię zajęciową rozwijającą sprawność i samodzielność, indywidualnie dostosowaną fizjoterapię
                      i rehabilitację. Naszym celem jest aktywizacja społeczna, wsparcie codziennego funkcjonowania, rozwijanie umiejętności społecznych oraz zapewnienie przyjaznej, bezpiecznej i pełnej szacunku atmosfery.<span style="font-size: 1.25em;"><br> </span></p>
                    <p>Zapraszamy do zapoznania się ze stroną internetową naszego Domu by w pełni poznać jego ofertę.</p>
                    <p>
                      <br>
                    </p>
                    <p><strong>&nbsp;&nbsp;Danuta Zalewska &#8211; Rukat</strong></p>
                    <p>p. o. Dyrektora Domu Pomocy Społecznej w Radzyminie</p>
                  </div>
                </div>
              </div>
            </div>
          </div>
        </div>
      </div>
      <div data-colibri-id="10572-c3" class="h-row-container gutters-row-lg-0 gutters-row-md-0 gutters-row-0 gutters-row-v-lg-0 gutters-row-v-md-0 gutters-row-v-0 style-1123 style-local-10572-c3 h-overflow-hidden position-relative">
        <!---->
        <div class="h-row justify-content-lg-center justify-content-md-center justify-content-center align-items-lg-end align-items-md-end align-items-end gutters-col-lg-0 gutters-col-md-0 gutters-col-0 gutters-col-v-lg-0 gutters-col-v-md-0 gutters-col-v-0">
          <!---->
          <div class="h-column h-column-container d-flex h-col-lg-auto h-col-md-auto h-col-auto align-self-lg-end align-self-md-end align-self-end style-1124-outer style-local-10572-c4-outer">
            <div data-colibri-id="10572-c4" class="d-flex h-flex-basis h-column__inner h-ui-empty-state-container h-px-lg-0 h-px-md-0 h-px-0 v-inner-lg-0 v-inner-md-0 v-inner-0 style-1124 style-local-10572-c4 position-relative">
              <!---->
              <!---->
              <div class="w-100 h-y-container h-column__content h-column__v-align flex-basis-100">
                <!---->
              </div>
            </div>
          </div>
          <div class="h-column h-column-container d-flex h-col-lg-auto h-col-md-auto h-col-auto align-self-lg-end align-self-md-end align-self-end style-1125-outer style-local-10572-c5-outer">
            <div data-colibri-id="10572-c5" class="d-flex h-flex-basis h-column__inner h-ui-empty-state-container h-px-lg-0 h-px-md-0 h-px-0 v-inner-lg-0 v-inner-md-0 v-inner-0 style-1125 style-local-10572-c5 position-relative">
              <!---->
              <!---->
              <div class="w-100 h-y-container h-column__content h-column__v-align flex-basis-100">
                <!---->
              </div>
            </div>
          </div>
          <div class="h-column h-column-container d-flex h-col-lg-auto h-col-md-auto h-col-auto align-self-lg-end align-self-md-end align-self-end style-1126-outer style-local-10572-c6-outer">
            <div data-colibri-id="10572-c6" class="d-flex h-flex-basis h-column__inner h-ui-empty-state-container h-px-lg-0 h-px-md-0 h-px-0 v-inner-lg-0 v-inner-md-0 v-inner-0 style-1126 style-local-10572-c6 position-relative">
              <!---->
              <!---->
              <div class="w-100 h-y-container h-column__content h-column__v-align flex-basis-100">
                <!---->
              </div>
            </div>
          </div>
        </div>
      </div>
    </div>
  </div>
</div>

<p>O nas Szanowni Państwo! Witam serdecznie na stronie internetowej Domu Pomocy Społecznej w Radzyminie. Nasza placówka przeznaczona jest dla osób przewlekle somatycznie chorych i z chorobą Alzheimera. Misją Domu jest zapewnienie Mieszkańcom jak najlepszych warunków do życia. Poziom usług świadczonych przez Dom uwzględnia w szczególności wolność, intymność, godność oraz poczucie bezpieczeństwa Mieszkańców, a także ich [&hellip;]</p>
